{"id":959,"date":"2020-09-17T04:03:11","date_gmt":"2020-09-17T04:03:11","guid":{"rendered":"http:\/\/wpdemo.archiwp.com\/maxbizz\/?page_id=959"},"modified":"2022-05-29T03:32:26","modified_gmt":"2022-05-29T00:32:26","slug":"organizational-audit","status":"publish","type":"page","link":"https:\/\/www.chessmasteracademy.org\/?page_id=959","title":{"rendered":"SATRAN\u00c7 KURSLARI"},"content":{"rendered":"\t\t<div data-elementor-type=\"wp-page\" data-elementor-id=\"959\" class=\"elementor elementor-959\">\n\t\t\t\t\t\t<section class=\"elementor-section elementor-top-section elementor-element elementor-element-18a1b81 elementor-section-boxed elementor-section-height-default elementor-section-height-default\" data-id=\"18a1b81\" data-element_type=\"section\">\n\t\t\t\t\t\t<div class=\"elementor-container elementor-column-gap-default\">\n\t\t\t\t\t<div class=\"elementor-column elementor-col-100 elementor-top-column elementor-element elementor-element-268f59f ot-flex-column-vertical\" data-id=\"268f59f\" data-element_type=\"column\">\n\t\t\t<div class=\"elementor-widget-wrap elementor-element-populated\">\n\t\t\t\t\t\t<div class=\"elementor-element elementor-element-0206aa6 elementor-widget elementor-widget-image\" data-id=\"0206aa6\" data-element_type=\"widget\" data-settings=\"{&quot;_animation&quot;:&quot;none&quot;}\" data-widget_type=\"image.default\">\n\t\t\t\t<div class=\"elementor-widget-container\">\n\t\t\t<style>\/*! elementor - v3.20.0 - 26-03-2024 *\/\n.elementor-widget-image{text-align:center}.elementor-widget-image a{display:inline-block}.elementor-widget-image a img[src$=\".svg\"]{width:48px}.elementor-widget-image img{vertical-align:middle;display:inline-block}<\/style>\t\t\t\t\t\t\t<figure class=\"wp-caption\">\n\t\t\t\t\t\t\t\t\t\t<img fetchpriority=\"high\" decoding=\"async\" width=\"800\" height=\"800\" src=\"https:\/\/www.chessmasteracademy.org\/wp-content\/uploads\/2022\/05\/0df927ad44b4107a53e6677eb2ff95ae8c3fa51a_original.jpeg\" class=\"attachment-large size-large wp-image-1927\" alt=\"\" srcset=\"https:\/\/www.chessmasteracademy.org\/wp-content\/uploads\/2022\/05\/0df927ad44b4107a53e6677eb2ff95ae8c3fa51a_original.jpeg 800w, https:\/\/www.chessmasteracademy.org\/wp-content\/uploads\/2022\/05\/0df927ad44b4107a53e6677eb2ff95ae8c3fa51a_original-300x300.jpeg 300w, https:\/\/www.chessmasteracademy.org\/wp-content\/uploads\/2022\/05\/0df927ad44b4107a53e6677eb2ff95ae8c3fa51a_original-150x150.jpeg 150w, https:\/\/www.chessmasteracademy.org\/wp-content\/uploads\/2022\/05\/0df927ad44b4107a53e6677eb2ff95ae8c3fa51a_original-768x768.jpeg 768w, https:\/\/www.chessmasteracademy.org\/wp-content\/uploads\/2022\/05\/0df927ad44b4107a53e6677eb2ff95ae8c3fa51a_original-600x600.jpeg 600w, https:\/\/www.chessmasteracademy.org\/wp-content\/uploads\/2022\/05\/0df927ad44b4107a53e6677eb2ff95ae8c3fa51a_original-100x100.jpeg 100w\" sizes=\"(max-width: 800px) 100vw, 800px\" \/>\t\t\t\t\t\t\t\t\t\t\t<figcaption class=\"widget-image-caption wp-caption-text\">SATRAN\u00c7 E\u011e\u0130T\u0130MLER\u0130M\u0130Z<\/figcaption>\n\t\t\t\t\t\t\t\t\t\t<\/figure>\n\t\t\t\t\t\t\t<\/div>\n\t\t\t\t<\/div>\n\t\t\t\t\t<\/div>\n\t\t<\/div>\n\t\t\t\t\t<\/div>\n\t\t<\/section>\n\t\t\t\t<section class=\"elementor-section elementor-top-section elementor-element elementor-element-77acf6d elementor-section-boxed elementor-section-height-default elementor-section-height-default\" data-id=\"77acf6d\" data-element_type=\"section\">\n\t\t\t\t\t\t<div class=\"elementor-container elementor-column-gap-default\">\n\t\t\t\t\t<div class=\"elementor-column elementor-col-100 elementor-top-column elementor-element elementor-element-4ea0e66 ot-flex-column-vertical\" data-id=\"4ea0e66\" data-element_type=\"column\">\n\t\t\t<div class=\"elementor-widget-wrap elementor-element-populated\">\n\t\t\t\t\t\t<div class=\"elementor-element elementor-element-95ffae2 elementor-widget elementor-widget-image\" data-id=\"95ffae2\" data-element_type=\"widget\" data-widget_type=\"image.default\">\n\t\t\t\t<div class=\"elementor-widget-container\">\n\t\t\t\t\t\t\t\t\t\t\t\t\t<img decoding=\"async\" width=\"1024\" height=\"576\" src=\"https:\/\/www.chessmasteracademy.org\/wp-content\/uploads\/2022\/05\/Adsiz-tasarim-2022-05-23T225646.507-1024x576.png\" class=\"attachment-large size-large wp-image-1629\" alt=\"\" srcset=\"https:\/\/www.chessmasteracademy.org\/wp-content\/uploads\/2022\/05\/Adsiz-tasarim-2022-05-23T225646.507-1024x576.png 1024w, https:\/\/www.chessmasteracademy.org\/wp-content\/uploads\/2022\/05\/Adsiz-tasarim-2022-05-23T225646.507-300x169.png 300w, https:\/\/www.chessmasteracademy.org\/wp-content\/uploads\/2022\/05\/Adsiz-tasarim-2022-05-23T225646.507-600x338.png 600w, https:\/\/www.chessmasteracademy.org\/wp-content\/uploads\/2022\/05\/Adsiz-tasarim-2022-05-23T225646.507-768x432.png 768w, https:\/\/www.chessmasteracademy.org\/wp-content\/uploads\/2022\/05\/Adsiz-tasarim-2022-05-23T225646.507-1536x864.png 1536w, https:\/\/www.chessmasteracademy.org\/wp-content\/uploads\/2022\/05\/Adsiz-tasarim-2022-05-23T225646.507.png 1920w\" sizes=\"(max-width: 1024px) 100vw, 1024px\" \/>\t\t\t\t\t\t\t\t\t\t\t\t\t<\/div>\n\t\t\t\t<\/div>\n\t\t\t\t\t<\/div>\n\t\t<\/div>\n\t\t\t\t\t<\/div>\n\t\t<\/section>\n\t\t\t\t<section class=\"elementor-section elementor-top-section elementor-element elementor-element-bd903e9 elementor-section-boxed elementor-section-height-default elementor-section-height-default\" data-id=\"bd903e9\" data-element_type=\"section\">\n\t\t\t\t\t\t<div class=\"elementor-container elementor-column-gap-default\">\n\t\t\t\t\t<div class=\"elementor-column elementor-col-100 elementor-top-column elementor-element elementor-element-58d302f ot-flex-column-vertical\" data-id=\"58d302f\" data-element_type=\"column\">\n\t\t\t<div class=\"elementor-widget-wrap elementor-element-populated\">\n\t\t\t\t\t\t<div class=\"elementor-element elementor-element-3cf9cbf elementor-widget elementor-widget-iheading\" data-id=\"3cf9cbf\" data-element_type=\"widget\" data-widget_type=\"iheading.default\">\n\t\t\t\t<div class=\"elementor-widget-container\">\n\t\t\t\t\t<div class=\"ot-heading\">\r\n\t        <span class=\"is_highlight\">Borhan Chessmaster Academy<\/span>\t        <h3 class=\"main-head\">Satran\u00e7 Nas\u0131l Oynan\u0131r?<\/h3>\t    <\/div>\r\n\t    \t\t<\/div>\n\t\t\t\t<\/div>\n\t\t\t\t<div class=\"elementor-element elementor-element-4a1015d elementor-widget elementor-widget-text-editor\" data-id=\"4a1015d\" data-element_type=\"widget\" data-widget_type=\"text-editor.default\">\n\t\t\t\t<div class=\"elementor-widget-container\">\n\t\t\t<style>\/*! elementor - v3.20.0 - 26-03-2024 *\/\n.elementor-widget-text-editor.elementor-drop-cap-view-stacked .elementor-drop-cap{background-color:#69727d;color:#fff}.elementor-widget-text-editor.elementor-drop-cap-view-framed .elementor-drop-cap{color:#69727d;border:3px solid;background-color:transparent}.elementor-widget-text-editor:not(.elementor-drop-cap-view-default) .elementor-drop-cap{margin-top:8px}.elementor-widget-text-editor:not(.elementor-drop-cap-view-default) .elementor-drop-cap-letter{width:1em;height:1em}.elementor-widget-text-editor .elementor-drop-cap{float:left;text-align:center;line-height:1;font-size:50px}.elementor-widget-text-editor .elementor-drop-cap-letter{display:inline-block}<\/style>\t\t\t\t<p>Satran\u00e7; 64 kareli tahta \u00fczerine, 32 adet ta\u015fla oynan\u0131r. Oyunun amac\u0131, iki ki\u015finin kar\u015f\u0131l\u0131kl\u0131 hamleler yaparak birbirlerinin ta\u015flar\u0131n\u0131 yemesi \u00fczerine kurulu. Oyunun daha iyi anla\u015f\u0131lmas\u0131 i\u00e7in her biri farkl\u0131 \u00f6zelliklerde olan satran\u00e7 ta\u015flar\u0131n\u0131, bu ta\u015flar\u0131n \u00f6zelliklerini ve turnuva puanlar\u0131n\u0131 tan\u0131yal\u0131m. Daha sonra satran\u00e7 terimlerine g\u00f6z atal\u0131m.<\/p><h3>Satran\u00e7 Ta\u015flar\u0131<\/h3><ul><li><strong>Piyon<\/strong>: Satranc\u0131n en zay\u0131f ta\u015f\u0131. E\u011fer hareket alan\u0131 bo\u015fsa, bir kare ileri s\u00fcr\u00fclebilir. Oyunun ba\u015flang\u0131c\u0131nda iki kare hareket hakk\u0131 bulunur. Geri hareket edemez. \u00c7apraz bi\u00e7imde rakip ta\u015flar\u0131 alabilir. Piyon, 1 puan de\u011ferindedir.<\/li><li><strong>At<\/strong>: &#8220;At nas\u0131l oynan\u0131r ve at kurallar\u0131 nedir?&#8221; sorular\u0131n\u0131n yan\u0131t\u0131 olduk\u00e7a basit. At, ta\u015flar\u0131n \u00fczerinden atlar ve L harfi \u00e7izerek hareket eder. 3 puan de\u011ferinde kabul edilir.<\/li><li><strong>Kale<\/strong>: Hareket alan\u0131 bo\u015fsa, d\u00fcz ve yan olarak s\u00fctun boyunca hareket edebilir. Kale puan\u0131 5 olarak kabul edilir.<\/li><li><strong>Fil<\/strong>: Hareket alan\u0131 bo\u015fsa, \u00e7apraz \u015fekilde istedi\u011fi kadar hareket edebilir. 3 puan de\u011ferinde kabul edilir.<\/li><li><strong>Vezir<\/strong>: Oyundaki en kuvvetli ta\u015f. Tahta boyunca istedi\u011fi her yere, yan, d\u00fcz ya da \u00e7apraz bi\u00e7imde hareket edebilir. Ta\u015flar\u0131n \u00fczerinden atlayamaz. 9 puanla oyunun en de\u011ferli ta\u015f\u0131d\u0131r.<\/li><li><strong>\u015eah<\/strong>: Oyundaki en \u00f6nemli ta\u015f. Yan, d\u00fcz veya \u00e7apraz y\u00f6nde bir kare hareket edebilir. Bu ta\u015f, tehdit alt\u0131ndayken hareket alan\u0131 kalmazsa oyun kaybedilir. \u015eah, ba\u015fka bir ta\u015f taraf\u0131ndan al\u0131namad\u0131\u011f\u0131 i\u00e7in puan de\u011feri bulunmaz.<\/li><\/ul><h3>Satran\u00e7 Terimleri<\/h3><p><strong>Ta\u015f alma<\/strong>: Satran\u00e7ta ta\u015flar, birbirlerini \u00fczerine geldiklerinde o ta\u015f\u0131 alm\u0131\u015f olurlar. Bu hamlelere ta\u015f yemek de denebilir.<\/p><p><strong>\u015eah \u00e7ekme<\/strong>: Ki\u015f \u00e7ekme olarak da adland\u0131r\u0131l\u0131r. Bir ta\u015f, rakip \u015fah\u0131 tehdit edecek bir kareye geldi\u011finde \u015fah \u00e7ekilmi\u015f olur. \u015eah \u00e7ekildi\u011finde; oyuncu \u015fah\u0131n\u0131 ka\u00e7mak, \u015fah\u0131n\u0131 tehdit eden ta\u015f\u0131 yemek ya da bu ta\u015fla \u015fah\u0131 aras\u0131na engel koymak zorunda kal\u0131r.<\/p><p><strong>Mat<\/strong>: \u015eah \u00e7ekildi\u011finde; ka\u00e7acak hareket alan\u0131 bulamayan, \u015fah\u0131 tehdit eden ta\u015f\u0131 alamayan ya da \u00f6n\u00fcne engel koyamayan oyuncu kaybeder. Yani, mat olur. &#8220;\u015eah \u015fah\u0131 yer mi?&#8221; sorusunun yan\u0131t\u0131 ise Satran\u00e7 Federasyonu taraf\u0131ndan yan\u0131tlanm\u0131\u015f: \u015eah, ba\u015fka bir \u015fah taraf\u0131ndan al\u0131namaz.<\/p><p><strong>Pat<\/strong>: Oyundaki beraberlik durumu. \u015eah tehdit alt\u0131nda de\u011filken hareket edecek yer yoksa ve \u015fahtan ba\u015fka hareket edecek ta\u015f kalmam\u0131\u015fsa oyun pat olur.<\/p><p><strong>Terfi:<\/strong>\u00a0Bir piyon, tahtan\u0131n di\u011fer ucundaki karelere kadar ilerlemeyi ba\u015far\u0131rsa oyuncunun istedi\u011fi ta\u015fa d\u00f6n\u00fc\u015f\u00fcr. Bu olaya terfi denir.<\/p><h3>Dizili\u015f<\/h3><p>Satran\u00e7 tahtas\u0131; soldan sa\u011fa A-H aras\u0131 harflerle, a\u015fa\u011f\u0131dan yukar\u0131 ise 1-9 aras\u0131 rakamlarla kodlanm\u0131\u015f durumda. Buna g\u00f6re A1 karesine beyaz kale gelecek \u015fekilde ta\u015flar s\u0131ralan\u0131r. Buna g\u00f6re soldan sa\u011fa do\u011fru; at, fil, vezir, \u015fah, fil, at ve yeniden kale dizilir. Bu s\u00fctunun \u00f6n taraf\u0131nda piyonlar yer al\u0131r. Siyah ta\u015flar da simetri olacak bi\u00e7imde tahtan\u0131n \u00f6b\u00fcr ucuna dizilir.<\/p><h3>Satran\u00e7 Kurallar\u0131 ve Oynan\u0131\u015f:<\/h3><ul><li>Satran\u00e7ta ilk hamleyi beyazlar yapar. Piyon ya da atlar ileri hareket ettirilerek oyun ba\u015flat\u0131l\u0131r.<\/li><li>Siyahlar da buna cevap olarak bir hamle yapar. Oyun bu \u015fekilde devam eder. Oyuncular, birka\u00e7 hamle sonra birbirlerinin ta\u015flar\u0131n\u0131 tehdit eder hale gelir.<\/li><li>Oyuncular, birbirlerinin ta\u015flar\u0131n\u0131 almaya ba\u015flarlar. Ta\u015flar al\u0131nmaya ba\u015flad\u0131k\u00e7a oyun a\u00e7\u0131l\u0131r ve \u015fah da savunmas\u0131z kal\u0131r.<\/li><li>\u015eah, ka\u00e7amayacak ve \u015fah \u00e7ekilmesini engelleyemeyecek \u015fekilde tehdit edildi\u011finde oyun biter.<\/li><\/ul>\t\t\t\t\t\t<\/div>\n\t\t\t\t<\/div>\n\t\t\t\t\t<\/div>\n\t\t<\/div>\n\t\t\t\t\t<\/div>\n\t\t<\/section>\n\t\t\t\t<section class=\"elementor-section elementor-top-section elementor-element elementor-element-518be5d elementor-section-boxed elementor-section-height-default elementor-section-height-default\" data-id=\"518be5d\" data-element_type=\"section\">\n\t\t\t\t\t\t<div class=\"elementor-container elementor-column-gap-default\">\n\t\t\t\t\t<div class=\"elementor-column elementor-col-100 elementor-top-column elementor-element elementor-element-16a6df6 ot-flex-column-vertical\" data-id=\"16a6df6\" data-element_type=\"column\">\n\t\t\t<div class=\"elementor-widget-wrap elementor-element-populated\">\n\t\t\t\t\t\t<div class=\"elementor-element elementor-element-fc88757 elementor-widget elementor-widget-image\" data-id=\"fc88757\" data-element_type=\"widget\" data-widget_type=\"image.default\">\n\t\t\t\t<div class=\"elementor-widget-container\">\n\t\t\t\t\t\t\t\t\t\t\t\t\t<img decoding=\"async\" width=\"1024\" height=\"598\" src=\"https:\/\/www.chessmasteracademy.org\/wp-content\/uploads\/2022\/05\/Resim8-1024x598.jpg\" class=\"attachment-large size-large wp-image-1630\" alt=\"\" srcset=\"https:\/\/www.chessmasteracademy.org\/wp-content\/uploads\/2022\/05\/Resim8-1024x598.jpg 1024w, https:\/\/www.chessmasteracademy.org\/wp-content\/uploads\/2022\/05\/Resim8-300x175.jpg 300w, https:\/\/www.chessmasteracademy.org\/wp-content\/uploads\/2022\/05\/Resim8-600x350.jpg 600w, https:\/\/www.chessmasteracademy.org\/wp-content\/uploads\/2022\/05\/Resim8-768x449.jpg 768w, https:\/\/www.chessmasteracademy.org\/wp-content\/uploads\/2022\/05\/Resim8.jpg 1500w\" sizes=\"(max-width: 1024px) 100vw, 1024px\" \/>\t\t\t\t\t\t\t\t\t\t\t\t\t<\/div>\n\t\t\t\t<\/div>\n\t\t\t\t\t<\/div>\n\t\t<\/div>\n\t\t\t\t\t<\/div>\n\t\t<\/section>\n\t\t\t\t<\/div>\n\t\t","protected":false},"excerpt":{"rendered":"<p>SATRAN\u00c7 E\u011e\u0130T\u0130MLER\u0130M\u0130Z Borhan Chessmaster Academy Satran\u00e7 Nas\u0131l Oynan\u0131r? Satran\u00e7; 64 kareli tahta \u00fczerine, 32 adet ta\u015fla oynan\u0131r. Oyunun amac\u0131, iki ki\u015finin kar\u015f\u0131l\u0131kl\u0131 hamleler yaparak birbirlerinin ta\u015flar\u0131n\u0131 yemesi \u00fczerine kurulu. Oyunun daha iyi anla\u015f\u0131lmas\u0131 i\u00e7in her biri farkl\u0131 \u00f6zelliklerde olan satran\u00e7 ta\u015flar\u0131n\u0131, bu ta\u015flar\u0131n \u00f6zelliklerini ve turnuva puanlar\u0131n\u0131 tan\u0131yal\u0131m. Daha sonra satran\u00e7 terimlerine g\u00f6z atal\u0131m. Satran\u00e7 [&hellip;]<\/p>\n","protected":false},"author":1,"featured_media":0,"parent":868,"menu_order":0,"comment_status":"closed","ping_status":"closed","template":"","meta":{"footnotes":""},"class_list":["post-959","page","type-page","status-publish","hentry"],"_links":{"self":[{"href":"https:\/\/www.chessmasteracademy.org\/index.php?rest_route=\/wp\/v2\/pages\/959","targetHints":{"allow":["GET"]}}],"collection":[{"href":"https:\/\/www.chessmasteracademy.org\/index.php?rest_route=\/wp\/v2\/pages"}],"about":[{"href":"https:\/\/www.chessmasteracademy.org\/index.php?rest_route=\/wp\/v2\/types\/page"}],"author":[{"embeddable":true,"href":"https:\/\/www.chessmasteracademy.org\/index.php?rest_route=\/wp\/v2\/users\/1"}],"replies":[{"embeddable":true,"href":"https:\/\/www.chessmasteracademy.org\/index.php?rest_route=%2Fwp%2Fv2%2Fcomments&post=959"}],"version-history":[{"count":19,"href":"https:\/\/www.chessmasteracademy.org\/index.php?rest_route=\/wp\/v2\/pages\/959\/revisions"}],"predecessor-version":[{"id":2042,"href":"https:\/\/www.chessmasteracademy.org\/index.php?rest_route=\/wp\/v2\/pages\/959\/revisions\/2042"}],"up":[{"embeddable":true,"href":"https:\/\/www.chessmasteracademy.org\/index.php?rest_route=\/wp\/v2\/pages\/868"}],"wp:attachment":[{"href":"https:\/\/www.chessmasteracademy.org\/index.php?rest_route=%2Fwp%2Fv2%2Fmedia&parent=959"}],"curies":[{"name":"wp","href":"https:\/\/api.w.org\/{rel}","templated":true}]}}